{"id":45541,"date":"2025-09-20T01:21:49","date_gmt":"2025-09-20T07:21:49","guid":{"rendered":"https:\/\/lacarrerapanamericana.com.mx\/?page_id=45541"},"modified":"2026-01-22T16:50:51","modified_gmt":"2026-01-22T22:50:51","slug":"zacatecas","status":"publish","type":"page","link":"https:\/\/lacarrerapanamericana.com.mx\/en\/zacatecas\/","title":{"rendered":"Zacatecas"},"content":{"rendered":"<section class=\"wpb-content-wrapper\"><div class=\"vc_row wpb_row vc_row-fluid vc_custom_1752186707398\"><div class=\"wpb_column vc_column_container vc_col-sm-12 vc_col-lg-12 vc_col-md-12 vc_col-xs-12\"><div class=\"vc_column-inner\"><div class=\"wpb_wrapper\">\n\t<div  class=\"wpb_single_image wpb_content_element vc_align_center  wpb_animate_when_almost_visible wpb_bounceIn bounceIn vc_custom_1759034835839\">\n\t\t\n\t\t<figure class=\"wpb_wrapper vc_figure\">\n\t\t\t<a href=\"https:\/\/www.zacatecastravel.com\/\" target=\"_blank\" class=\"vc_single_image-wrapper   vc_box_border_grey\" rel=\"noopener\"><img fetchpriority=\"high\" decoding=\"async\" width=\"640\" height=\"169\" src=\"https:\/\/lacarrerapanamericana.com.mx\/wp-content\/uploads\/2025\/09\/zacatecas-1024x270.png\" class=\"vc_single_image-img attachment-large\" alt=\"ZACATECAS\" title=\"zacatecas\" srcset=\"https:\/\/lacarrerapanamericana.com.mx\/wp-content\/uploads\/2025\/09\/zacatecas-1024x270.png 1024w, https:\/\/lacarrerapanamericana.com.mx\/wp-content\/uploads\/2025\/09\/zacatecas-300x79.png 300w, https:\/\/lacarrerapanamericana.com.mx\/wp-content\/uploads\/2025\/09\/zacatecas-768x202.png 768w, https:\/\/lacarrerapanamericana.com.mx\/wp-content\/uploads\/2025\/09\/zacatecas-1536x404.png 1536w, https:\/\/lacarrerapanamericana.com.mx\/wp-content\/uploads\/2025\/09\/zacatecas-2048x539.png 2048w, https:\/\/lacarrerapanamericana.com.mx\/wp-content\/uploads\/2025\/09\/zacatecas-18x5.png 18w, https:\/\/lacarrerapanamericana.com.mx\/wp-content\/uploads\/2025\/09\/zacatecas-1000x263.png 1000w\" sizes=\"(max-width: 640px) 100vw, 640px\" \/><\/a>\n\t\t<\/figure>\n\t<\/div>\n\n\t<div class=\"wpb_video_widget wpb_content_element vc_clearfix   vc_custom_1759034847436 vc_video-aspect-ratio-169 vc_video-el-width-100 vc_video-align-center\" >\n\t\t<div class=\"wpb_wrapper\">\n\t\t\t\n\t\t\t<div class=\"wpb_video_wrapper\"><iframe title=\"ZACATECAS\" width=\"640\" height=\"360\" src=\"https:\/\/www.youtube.com\/embed\/pt1i0HH1_YU?feature=oembed\" frameborder=\"0\" allow=\"accelerometer; autoplay; clipboard-write; encrypted-media; gyroscope; picture-in-picture; web-share\" referrerpolicy=\"strict-origin-when-cross-origin\" allowfullscreen><\/iframe><\/div>\n\t\t<\/div>\n\t<\/div>\n<div class=\"vc_row wpb_row vc_inner vc_row-fluid vc_custom_1759034857264\"><div class=\"wpb_column vc_column_container vc_col-sm-12\"><div class=\"vc_column-inner\"><div class=\"wpb_wrapper\">\n\t<div class=\"wpb_text_column wpb_content_element  vc_custom_1758352919371\" >\n\t\t<div class=\"wpb_wrapper\">\n\t\t\t<p style=\"text-align: left;\"><strong>ZACATECAS \u00a1DESLUMBRANTE!<\/strong><\/p>\n<p style=\"text-align: justify;\">En Zacatecas el men\u00fa festivo es variado y significativo, con un gran abanico cultural de magn\u00edficos eventos de proyecci\u00f3n internacional. Aunque durante el a\u00f1o se realiza una programaci\u00f3n de eventos, las galas festivas se muestran durante los grandes festivales como: el Festival Cultural Zacatecas (en las semanas Santa y Pascua); el Internacional del Folclor (celebrado en mes de julio); las tradicionales Morismas de Bracho (en la \u00faltima semana de agosto); la gran Feria Nacional de Zacatecas (las dos primeras semanas de septiembre) o el tambi\u00e9n Internacional Festival de Teatro de Calle (la tercera semana de octubre).<\/p>\n<p style=\"text-align: justify;\">Estos platos fuertes se complementan con las dem\u00e1s celebraciones realizadas en los alrededores de la ciudad y en el interior del estado, las cuales cuentan con caracter\u00edsticas propias y de una prolongada tradici\u00f3n.<\/p>\n<p class=\"title-categori-text\" style=\"text-align: justify;\">Sin su gastronom\u00eda, su grandeza no estar\u00eda completa. Nuestra ciudad es un para\u00edso culinario con numerosos restaurantes reconocidos por la Gu\u00eda Michelin, donde la cocina tradicional y contempor\u00e1nea convergen en experiencias inolvidables.<\/p>\n\n\t\t<\/div>\n\t<\/div>\n<\/div><\/div><\/div><\/div>\n<div class=\"vc_grid-container-wrapper vc_clearfix vc_grid-animation-zoomIn\">\n\t<div class=\"vc_grid-container vc_clearfix wpb_content_element vc_masonry_media_grid vc_custom_1759034869066\" data-initial-loading-animation=\"zoomIn\" data-vc-grid-settings=\"{&quot;page_id&quot;:45541,&quot;style&quot;:&quot;all-masonry&quot;,&quot;action&quot;:&quot;vc_get_vc_grid_data&quot;,&quot;shortcode_id&quot;:&quot;1759034813931-5743b3ba-a195-3&quot;,&quot;tag&quot;:&quot;vc_masonry_media_grid&quot;}\" data-vc-request=\"https:\/\/lacarrerapanamericana.com.mx\/wp-admin\/admin-ajax.php\" data-vc-post-id=\"45541\" data-vc-public-nonce=\"de9697bfc4\">\n\t\t\n\t<\/div>\n<\/div><\/div><\/div><\/div><\/div>\n<\/section>","protected":false},"excerpt":{"rendered":"ZACATECAS \u00a1DESLUMBRANTE! En Zacatecas el men\u00fa festivo es variado y significativo, con un gran abanico cultural de magn\u00edficos eventos de proyecci\u00f3n internacional. Aunque durante el a\u00f1o se realiza una programaci\u00f3n de eventos, las galas festivas se muestran durante los grandes festivales como: el Festival Cultural Zacatecas (en las semanas Santa y Pascua); el Internacional del [...]","protected":false},"author":1,"featured_media":45414,"parent":0,"menu_order":0,"comment_status":"closed","ping_status":"closed","template":"","meta":{"footnotes":""},"class_list":["post-45541","page","type-page","status-publish","has-post-thumbnail","hentry"],"_links":{"self":[{"href":"https:\/\/lacarrerapanamericana.com.mx\/en\/wp-json\/wp\/v2\/pages\/45541","targetHints":{"allow":["GET"]}}],"collection":[{"href":"https:\/\/lacarrerapanamericana.com.mx\/en\/wp-json\/wp\/v2\/pages"}],"about":[{"href":"https:\/\/lacarrerapanamericana.com.mx\/en\/wp-json\/wp\/v2\/types\/page"}],"author":[{"embeddable":true,"href":"https:\/\/lacarrerapanamericana.com.mx\/en\/wp-json\/wp\/v2\/users\/1"}],"replies":[{"embeddable":true,"href":"https:\/\/lacarrerapanamericana.com.mx\/en\/wp-json\/wp\/v2\/comments?post=45541"}],"version-history":[{"count":7,"href":"https:\/\/lacarrerapanamericana.com.mx\/en\/wp-json\/wp\/v2\/pages\/45541\/revisions"}],"predecessor-version":[{"id":46138,"href":"https:\/\/lacarrerapanamericana.com.mx\/en\/wp-json\/wp\/v2\/pages\/45541\/revisions\/46138"}],"wp:featuredmedia":[{"embeddable":true,"href":"https:\/\/lacarrerapanamericana.com.mx\/en\/wp-json\/wp\/v2\/media\/45414"}],"wp:attachment":[{"href":"https:\/\/lacarrerapanamericana.com.mx\/en\/wp-json\/wp\/v2\/media?parent=45541"}],"curies":[{"name":"wp","href":"https:\/\/api.w.org\/{rel}","templated":true}]}}

<section class="wpb-content-wrapper"><div class="vc_row wpb_row vc_row-fluid vc_custom_1752186707398"><div class="wpb_column vc_column_container vc_col-sm-12 vc_col-lg-12 vc_col-md-12 vc_col-xs-12"><div class="vc_column-inner"><div class="wpb_wrapper">
	<div  class="wpb_single_image wpb_content_element vc_align_center  wpb_animate_when_almost_visible wpb_bounceIn bounceIn vc_custom_1759034835839">
		
		<figure class="wpb_wrapper vc_figure">
			<a href="https://www.zacatecastravel.com/" target="_blank" class="vc_single_image-wrapper   vc_box_border_grey" rel="noopener"><img fetchpriority="high" decoding="async" width="640" height="169" src="https://lacarrerapanamericana.com.mx/wp-content/uploads/2025/09/zacatecas-1024x270.png" class="vc_single_image-img attachment-large" alt="ZACATECAS" title="zacatecas" srcset="https://lacarrerapanamericana.com.mx/wp-content/uploads/2025/09/zacatecas-1024x270.png 1024w, https://lacarrerapanamericana.com.mx/wp-content/uploads/2025/09/zacatecas-300x79.png 300w, https://lacarrerapanamericana.com.mx/wp-content/uploads/2025/09/zacatecas-768x202.png 768w, https://lacarrerapanamericana.com.mx/wp-content/uploads/2025/09/zacatecas-1536x404.png 1536w, https://lacarrerapanamericana.com.mx/wp-content/uploads/2025/09/zacatecas-2048x539.png 2048w, https://lacarrerapanamericana.com.mx/wp-content/uploads/2025/09/zacatecas-18x5.png 18w, https://lacarrerapanamericana.com.mx/wp-content/uploads/2025/09/zacatecas-1000x263.png 1000w" sizes="(max-width: 640px) 100vw, 640px" /></a>
		</figure>
	</div>

	<div class="wpb_video_widget wpb_content_element vc_clearfix   vc_custom_1759034847436 vc_video-aspect-ratio-169 vc_video-el-width-100 vc_video-align-center" >
		<div class="wpb_wrapper">
			
			<div class="wpb_video_wrapper"><iframe title="ZACATECAS" width="640" height="360" src="https://www.youtube.com/embed/pt1i0HH1_YU?feature=oembed" frameborder="0" allow="accelerometer; autoplay; clipboard-write; encrypted-media; gyroscope; picture-in-picture; web-share" referrerpolicy="strict-origin-when-cross-origin" allowfullscreen></iframe></div>
		</div>
	</div>
<div class="vc_row wpb_row vc_inner vc_row-fluid vc_custom_1759034857264"><div class="wpb_column vc_column_container vc_col-sm-12"><div class="vc_column-inner"><div class="wpb_wrapper">
	<div class="wpb_text_column wpb_content_element  vc_custom_1758352919371" >
		<div class="wpb_wrapper">
			<p style="text-align: left;"><strong>ZACATECAS ¡DESLUMBRANTE!</strong></p>
<p style="text-align: justify;">En Zacatecas el menú festivo es variado y significativo, con un gran abanico cultural de magníficos eventos de proyección internacional. Aunque durante el año se realiza una programación de eventos, las galas festivas se muestran durante los grandes festivales como: el Festival Cultural Zacatecas (en las semanas Santa y Pascua); el Internacional del Folclor (celebrado en mes de julio); las tradicionales Morismas de Bracho (en la última semana de agosto); la gran Feria Nacional de Zacatecas (las dos primeras semanas de septiembre) o el también Internacional Festival de Teatro de Calle (la tercera semana de octubre).</p>
<p style="text-align: justify;">Estos platos fuertes se complementan con las demás celebraciones realizadas en los alrededores de la ciudad y en el interior del estado, las cuales cuentan con características propias y de una prolongada tradición.</p>
<p class="title-categori-text" style="text-align: justify;">Sin su gastronomía, su grandeza no estaría completa. Nuestra ciudad es un paraíso culinario con numerosos restaurantes reconocidos por la Guía Michelin, donde la cocina tradicional y contemporánea convergen en experiencias inolvidables.</p>

		</div>
	</div>
</div></div></div></div>
<div class="vc_grid-container-wrapper vc_clearfix vc_grid-animation-zoomIn">
	<div class="vc_grid-container vc_clearfix wpb_content_element vc_masonry_media_grid vc_custom_1759034869066" data-initial-loading-animation="zoomIn" data-vc-grid-settings="{&quot;page_id&quot;:45541,&quot;style&quot;:&quot;all-masonry&quot;,&quot;action&quot;:&quot;vc_get_vc_grid_data&quot;,&quot;shortcode_id&quot;:&quot;1759034813931-5743b3ba-a195-3&quot;,&quot;tag&quot;:&quot;vc_masonry_media_grid&quot;}" data-vc-request="https://lacarrerapanamericana.com.mx/wp-admin/admin-ajax.php" data-vc-post-id="45541" data-vc-public-nonce="de9697bfc4">
		
	</div>
</div></div></div></div></div>
</section>

ZACATECAS ¡DESLUMBRANTE! En Zacatecas el menú festivo es variado y significativo, con un gran abanico cultural de magníficos eventos de proyección internacional. Aunque durante el año se realiza una programación de eventos, las galas festivas se muestran durante los grandes festivales como: el Festival Cultural Zacatecas (en las semanas Santa y Pascua); el Internacional del [...]
